- 18/(-4). Suppose -f = f + h, -4*z = -2*f - 44. Calculate the remainder when a is divided by z.
9
Let f = 93 + -80. Calculate the remainder when 88 is divided by f.
10
Let a(g) = 4*g - 4. Suppose 9*h = 4*h + 35. Let y = -4 + h. What is the remainder when a(y) is divided by 3?
2
Let l(z) be the first derivative of -z**3/3 - 5*z**2/2 - 2*z - 2. What is the remainder when 0 + 1 + (0 - -1) is divided by l(-4)?
0
Let l(f) = 0*f + 8 - f**2 - 9*f - 3. What is the remainder when 14 is divided by l(-9)?
4
Suppose 3*f + 4*k = 27, 0 = -5*f - 4*k + 5*k + 45. Let s(u) = -u**3 - u + 16. What is the remainder when s(0) is divided by f?
7
Suppose f - 5*i - 26 = -i, 4*f = -2*i + 104. Calculate the remainder when 74 is divided by f.
22
Let l = -7 - -10. Suppose l*w - 4*v - 60 = 0, 4*w = 2*w + 2*v + 42. Suppose h + h = w. What is the remainder when 22 is divided by h?
10
Suppose 4*m - 3*m = 8. Calculate the remainder when m is divided by 5.
3
Suppose -5*i + 14 = -w, 5*i + 5*w + 10 = -0. Suppose 4 + 6 = i*u + 5*y, 3*y = 3*u + 6. Suppose 3*p - 2*p - 7 = u. What is the remainder when 19 is divided by p?
5
Suppose 0 = h + 3*h - 16. Suppose 0*w - 104 = -h*c + 2*w, 3*w + 12 = 0. What is the remainder when c is divided by 13?
11
Let j(y) = -y**3 - y**2 + 38. What is the remainder when j(0) is divided by 13/(2*(-2)/(-4))?
12
Suppose -175 - 608 = -3*d. What is the remainder when d is divided by 44?
41
Let y(f) = f - 4. Let g be y(6). Let m be (-1)/g - (-3)/6. Suppose m = a - 2, a + 29 = 5*b + 3*a. What is the remainder when 9 is divided by b?
4
Suppose -5*d - 3*y = -131, -3*d + 2*d + 3*y + 19 = 0. What is the remainder when 147 is divided by d?
22
Let f be 2/3*-1*9. Let p be 1*4 + f/3. Suppose 0 = -s + 3*m + m + 27, m + 19 = p*s. Calculate the remainder when 13 is divided by s.
6
Suppose -4*i - 4*y + 20 = 0, 0 = -3*i + 2*i - 2*y + 8. Suppose -2 + 8 = i*b. Let l = 9 - b. What is the remainder when 10 is divided by l?
4
Let u(p) = -p + 3. What is the remainder when 3 is divided by u(1)?
1
Suppose 45 + 3 = 3*b. Suppose 2*w + w - 5*o - b = 0, -68 = -4*w - 5*o. Calculate the remainder when w is divided by 7.
5
Suppose 28 + 37 = -5*j. Let d = j + 21. Suppose 2*p + d = 28. What is the remainder when 18 is divided by p?
8
Let i(x) = x**2 + x - 9. Let l be i(-4). Suppose -8*h = -l*h - 365. What is the remainder when h is divided by 25?
23
Let h = 47 - 7. Let f = -4 + 7. Suppose f*b - 1 = 62. What is the remainder when h is divided by b?
19
Let i = 3 + 1. Suppose -2*q = 2*y - 0*q + 22, 2*y + 10 = i*q. Let d = 5 - y. What is the remainder when d is divided by 8?
6
Let s(v) = -v**2 + 9*v - 3. Let o be s(8). Suppose -2*l = -o*l + 177. What is the remainder when l is divided by 15?
14
Suppose -5*l = -3*u + 19, 2*u + 2 + 0 = -4*l. Suppose 46 = 2*d - o + u*o, -2*o = -d + 32. Calculate the remainder when d is divided by 2 - -4*(-3)/(-1).
12
Suppose 7 = z - 2. Calculate the remainder when 15 is divided by z.
6
Suppose -5*v - 4*g + 758 = 0, 2*v = -3*g + g + 304. Suppose 5*x + 5 - v = 0. Calculate the remainder when x is divided by 16.
13
Let o = 85 + -33. Calculate the remainder when o is divided by 27.
25
Suppose 4*d + 21 = 4*j + 81, -2*j - 2 = 0. Calculate the remainder when d is divided by 9.
5
Suppose -7 = -4*n + 85. What is the remainder when n is divided by 13?
10
Suppose 0 = -0*l + 2*l - 50. What is the remainder when l is divided by 13?
12
Let t = -6 - -35. Suppose -3*j = 4*q - 124, 2*q = -2*j - 2*q + 76. What is the remainder when t is divided by (-30)/(-8)*j/18?
9
Suppose -4*n - 27 = -363. Calculate the remainder when n is divided by 17.
16
Let p(x) = x**3 + 4*x**2 - x - 3. Let i be p(-3). Let n = -27 + 30. Suppose 0 = -3*m - i, -4*h + n*m = -3*h - 43. What is the remainder when h is divided by 9?
7
Suppose n = 5*n. Let u(h) = h + 3. Calculate the remainder when 5 is divided by u(n).
2
Let g = 183 + -173. What is the remainder when 46 is divided by g?
6
Suppose -5*y + 6*f - 2*f + 124 = 0, -16 = -4*f. Let c(p) = 3*p - 2. Let j be c(3). Let w = 3 + j. Calculate the remainder when y is divided by w.
8
Let b = 11 - -6. What is the remainder when 49 is divided by b?
15
Calculate the remainder when -1 + 1 + 81 + -19 is divided by 9.
8
Suppose 0 = 3*f - t - 88 - 51, 2*t - 4 = 0. What is the remainder when f is divided by 12?
11
Let a be 2/4 - (-1)/2. What is the remainder when -112*(-2)/4*a is divided by 19?
18
Let a = -83 + 152. Suppose -2*x = -2*q - q - 60, -q = x - 20. What is the remainder when a is divided by x?
21
Suppose 45 = 4*f - 147. What is the remainder when f is divided by 17?
14
Suppose 8*l - 14*l + 96 = 0. What is the remainder when 37 is divided by l?
5
Let r(k) = 16*k**2 - k + 1. Let d be r(3). Suppose 38 = 3*n - d. Suppose 3*b - 5*q = n, 5*b - 4*q - 90 = q. Calculate the remainder when b is divided by 8.
7
Suppose -3*q = -6, -2*q + 126 = 4*y - q. Suppose m = -5*x + y, 0 = -m + 3*x - 12 + 3. What is the remainder when 17 is divided by m?
5
Suppose -60 = -5*f - 5*u + 90, -2*u = f - 31. What is the remainder when f is divided by 10?
9
Let b(s) = s**2 - s - 1. Let a = 46 - 24. Let z = a - 7. Calculate the remainder when b(6) is divided by z.
14
Suppose 0 = r + 4*r - 35. What is the remainder when ((-2)/(-3))/((-1)/(-39)) is divided by r?
5
Suppose 0 = -5*j + 29 - 154. Let i = -4 - j. What is the remainder when 82 is divided by i?
19
Let u = 36 + -2. Calculate the remainder when u is divided by 12.
10
Let h = -35 - -90. Calculate the remainder when h is divided by 14.
13
Suppose 4*q = 2*q + 14. Let y(i) = 2*i - 6. Let k(o) = 7*o + 1. What is the remainder when k(4) is divided by y(q)?
5
Let d = 77 + -46. What is the remainder when d is divided by 11?
9
Let n = 5 - -14. What is the remainder when 73 is divided by n?
16
Calculate the remainder when 35 is divided by (-6)/21 + (-132)/(-21).
5
Let i = -99 + 106. Suppose 0 = -0*w + 4*w - 80. Calculate the remainder when w is divided by i.
6
Let y(s) = 17*s - 1. Let t(d) be the first derivative of d**2/2 + d - 2. Let x be t(0). Calculate the remainder when 46 is divided by y(x).
14
Let s = -11 + 45. Let w(r) = -r**2. Let u be w(-4). Let h = s + u. What is the remainder when 33 is divided by h?
15
Suppose -8*q = -10*q + 130. What is the remainder when q is divided by 22?
21
Suppose -h = 0, -4*r + 403 - 163 = -4*h. Let l = -5 - -39. Let w = r - l. What is the remainder when w is divided by 9?
8
Let u(d) = -39*d**3 - d**2 + 1. Calculate the remainder when u(-1) is divided by 10.
9
Let w = 8 + -12. Let n = w - 1. What is the remainder when (26/n)/((-3)/15) is divided by 14?
12
Let y(j) = j**3 + 3*j**2 - 2. Let m(t) = -t**2 + 8*t - 9. Let l be m(6). Let h(c) = 2*c + 4. What is the remainder when y(2) is divided by h(l)?
8
Let l(h) = -6*h - 10. Calculate the remainder when l(-7) is divided by 11.
10
Let f(i) = i + 17. Calculate the remainder when f(-6) is divided by 3.
2
Let q(l) = l**3 - 5*l**2 + 7. Let x be q(5). Suppose 2*k = 5*a - 64, 0 = 2*a + 3*k - 11 - x. What is the remainder when 22 is divided by a?
10
Let k = 10 - 7. Suppose -k*m - 15 = -6*m. What is the remainder when 8 is divided by m?
3
Let w(s) = 2*s**2 - 7*s + 6. Suppose 0*x = -3*a - 4*x + 17, 16 = 2*a + 5*x. What is the remainder when w(4) is divided by a?
1
Let m(p) = p**3 - 6*p**2 + 8*p - 7. Let y = -2 + 7. Calculate the remainder when (10/4)/(2/12) is divided by m(y).
7
Suppose 52*n - 22 = 50*n. What is the remainder when 131 is divided by n?
10
Let b(v) = -6*v - 6*v - 16*v. Let p be b(6). What is the remainder when 16 is divided by 2/5 + p/(-30)?
4
Suppose 2*x + 15 = b + 49, 0 = 4*b. What is the remainder when x is divided by 5?
2
Let g(y) = -y**3 - 4*y**2 - y - 2. Let f be g(-3). Calculate the remainder when 0 + 0 - (f + -8) is divided by 9.
7
Let u be 0/(-3 + 8 + -4). Suppose 5*i + t - 185 = 0, u = -i - 3*i - t + 148. What is the remainder when i is divided by 20?
17
Let w = 47 - 48. Let j(x) = -2*x - 2*x + 0*x. What is the remainder when 7 is divided by j(w)?
3
Let u be 0 + (-6)/9*-3. Suppose -4*t = -4*i + 60, -2*i - u*i - 3*t + 88 = 0. Calculate the remainder when 36 is divided by i.
17
Let w = 133 + -79. Let f = w + -32. What is the remainder when 85 is divided by f?
19
Suppose 3*d = -4 - 8. Let v(j) = -j - 1. Let r(s) = 3*s**2 + 3*s - 4. Let l(w) = r(w) +